{"id":694,"date":"2021-03-23T19:55:06","date_gmt":"2021-03-23T16:55:06","guid":{"rendered":"https:\/\/www.grafas.org\/demo09\/?page_id=694"},"modified":"2025-04-29T00:32:54","modified_gmt":"2025-04-28T23:32:54","slug":"speakers","status":"publish","type":"page","link":"https:\/\/dusunca.com\/?page_id=694","title":{"rendered":"\u018fsas hey\u0259t"},"content":{"rendered":"<h2>Komandam\u0131z.<\/h2>\n<h3>D\u00fc\u015f\u00fcnc\u0259 Group.<\/h3>\n<p>\u015eirk\u0259timizin ad\u0131 b\u0259lk\u0259 d\u0259 diqq\u0259tinizi \u00e7\u0259kdi.Bu ad sad\u0259c\u0259 bir brend ad\u0131 da\u015f\u0131m\u0131r.Bu ad\u0131n arxas\u0131nda b\u00f6y\u00fck ya\u015fanm\u0131\u015f f\u0259ls\u0259f\u0259 dayan\u0131r.Bu ad h\u0259yat\u0131n m\u0259nas\u0131n\u0131 ifad\u0259 edir.B\u00f6y\u00fck sirri biz\u0259 verir.D\u00fc\u015f\u00fcn\u0259 &#8211; h\u0259r \u015fey onunla ba\u015flay\u0131r,h\u0259r \u015fey onunla \u00e7evirilir,h\u0259r \u015fey onunla bitir.H\u0259yat\u0131n m\u0259nas\u0131n\u0131 insanl\u0131\u011fa b\u00f6y\u00fck d\u0259y\u0259r qatmaq oldu\u011funu D\u00fc\u015f\u00fcnc\u0259 group \u00f6z\u00fcn\u0259 missiya hesab edir.Bu d\u0259y\u0259r bizim \u015firk\u0259t \u00fc\u00e7\u00fcn h\u0259r \u015feyd\u0259n ir\u0259li g\u0259lir.Biz g\u0259ncl\u0259r\u0259 i\u015f h\u0259yat\u0131nda he\u00e7 bir t\u0259cr\u00fcb\u0259l\u0259ri olmasa bel\u0259 g\u0259l\u0259c\u0259k y\u00fcks\u0259k kariyeralar\u0131nda d\u0259st\u0259k oluruq.Biz kreativ yenilik\u00e7i,f\u0259rqli,istedadl\u0131,\u00e7al\u0131\u015fqan,\u0259zmli d\u00fc\u015f\u00fcn\u0259nl\u0259rd\u0259n ibar\u0259t bir komanda, daha \u00fcst\u00fcn y\u00fcks\u0259k d\u0259y\u0259rl\u0259ri olan bir ail\u0259yik.Bizim \u015firk\u0259td\u0259 i\u015f\u00e7i yoxdur.Bu ham\u0131m\u0131z\u0131n \u015firk\u0259ti,bir ail\u0259 \u015firk\u0259tidir.\u018fmin ed\u0259 bil\u0259rik ki insanlara yaln\u0131z d\u0259y\u0259r ver\u0259r\u0259k,xo\u015fb\u0259xt olub m\u00fcxt\u0259lif sah\u0259l\u0259rd\u0259 ham\u0131n\u0131 y\u00fcks\u0259ld\u0259n bel\u0259 bir \u015firk\u0259t indiy\u0259n\u0259 q\u0259d\u0259r olmay\u0131b.<\/p>\n<figure class=\"gallery-item\"><\/figure>\n","protected":false},"excerpt":{"rendered":"<p>Komandam\u0131z. D\u00fc\u015f\u00fcnc\u0259 Group. \u015eirk\u0259timizin ad\u0131 b\u0259lk\u0259 d\u0259 diqq\u0259tinizi \u00e7\u0259kdi.Bu ad sad\u0259c\u0259 bir brend ad\u0131 da\u015f\u0131m\u0131r.Bu ad\u0131n arxas\u0131nda b\u00f6y\u00fck ya\u015fanm\u0131\u015f f\u0259ls\u0259f\u0259 dayan\u0131r.Bu ad h\u0259yat\u0131n m\u0259nas\u0131n\u0131 ifad\u0259 edir.B\u00f6y\u00fck sirri biz\u0259 verir.D\u00fc\u015f\u00fcn\u0259 &#8211;&#8230;<\/p>\n","protected":false},"author":2,"featured_media":0,"parent":0,"menu_order":0,"comment_status":"closed","ping_status":"closed","template":"","meta":{"_EventAllDay":false,"_EventTimezone":"","_EventStartDate":"","_EventEndDate":"","_EventStartDateUTC":"","_EventEndDateUTC":"","_EventShowMap":false,"_EventShowMapLink":false,"_EventURL":"","_EventCost":"","_EventCostDescription":"","_EventCurrencySymbol":"","_EventCurrencyCode":"","_EventCurrencyPosition":"","_EventDateTimeSeparator":"","_EventTimeRangeSeparator":"","_EventOrganizerID":[],"_EventVenueID":[],"_OrganizerEmail":"","_OrganizerPhone":"","_OrganizerWebsite":"","_VenueAddress":"","_VenueCity":"","_VenueCountry":"","_VenueProvince":"","_VenueState":"","_VenueZip":"","_VenuePhone":"","_VenueURL":"","_VenueStateProvince":"","_VenueLat":"","_VenueLng":"","_VenueShowMap":false,"_VenueShowMapLink":false,"_kadence_starter_templates_imported_post":true,"_kad_post_transparent":"","_kad_post_title":"hide","_kad_post_layout":"fullwidth","_kad_post_sidebar_id":"","_kad_post_content_style":"unboxed","_kad_post_vertical_padding":"hide","_kad_post_feature":"hide","_kad_post_feature_position":"","_kad_post_header":false,"_kad_post_footer":false,"footnotes":""},"class_list":["post-694","page","type-page","status-publish","hentry"],"yoast_head":"<!-- This site is optimized with the Yoast SEO plugin v22.8 - https:\/\/yoast.com\/wordpress\/plugins\/seo\/ -->\n<title>\u018fsas hey\u0259t - D\u00fc\u015f\u00fcnc\u0259 Academy<\/title>\n<meta name=\"robots\" content=\"index, follow, max-snippet:-1, max-image-preview:large, max-video-preview:-1\" \/>\n<link rel=\"canonical\" href=\"https:\/\/dusunca.com\/?page_id=694\" \/>\n<meta property=\"og:locale\" content=\"az_AZ\" \/>\n<meta property=\"og:type\" content=\"article\" \/>\n<meta property=\"og:title\" content=\"\u018fsas hey\u0259t - D\u00fc\u015f\u00fcnc\u0259 Academy\" \/>\n<meta property=\"og:description\" content=\"Komandam\u0131z. D\u00fc\u015f\u00fcnc\u0259 Group. \u015eirk\u0259timizin ad\u0131 b\u0259lk\u0259 d\u0259 diqq\u0259tinizi \u00e7\u0259kdi.Bu ad sad\u0259c\u0259 bir brend ad\u0131 da\u015f\u0131m\u0131r.Bu ad\u0131n arxas\u0131nda b\u00f6y\u00fck ya\u015fanm\u0131\u015f f\u0259ls\u0259f\u0259 dayan\u0131r.Bu ad h\u0259yat\u0131n m\u0259nas\u0131n\u0131 ifad\u0259 edir.B\u00f6y\u00fck sirri biz\u0259 verir.D\u00fc\u015f\u00fcn\u0259 &#8211;...\" \/>\n<meta property=\"og:url\" content=\"https:\/\/dusunca.com\/?page_id=694\" \/>\n<meta property=\"og:site_name\" content=\"D\u00fc\u015f\u00fcnc\u0259 Academy\" \/>\n<meta property=\"article:publisher\" content=\"https:\/\/www.facebook.com\/share\/dhL1yPEDA3vnYp2o\/?mibextid=LQQJ4d\" \/>\n<meta property=\"article:modified_time\" content=\"2025-04-28T23:32:54+00:00\" \/>\n<meta name=\"twitter:card\" content=\"summary_large_image\" \/>\n<meta name=\"twitter:label1\" content=\"Est. reading time\" \/>\n\t<meta name=\"twitter:data1\" content=\"1 minute\" \/>\n<script type=\"application\/ld+json\" class=\"yoast-schema-graph\">{\"@context\":\"https:\/\/schema.org\",\"@graph\":[{\"@type\":\"WebPage\",\"@id\":\"https:\/\/dusunca.com\/?page_id=694\",\"url\":\"https:\/\/dusunca.com\/?page_id=694\",\"name\":\"\u018fsas hey\u0259t - D\u00fc\u015f\u00fcnc\u0259 Academy\",\"isPartOf\":{\"@id\":\"https:\/\/dusunca.com\/#website\"},\"datePublished\":\"2021-03-23T16:55:06+00:00\",\"dateModified\":\"2025-04-28T23:32:54+00:00\",\"breadcrumb\":{\"@id\":\"https:\/\/dusunca.com\/?page_id=694#breadcrumb\"},\"inLanguage\":\"az\",\"potentialAction\":[{\"@type\":\"ReadAction\",\"target\":[\"https:\/\/dusunca.com\/?page_id=694\"]}]},{\"@type\":\"BreadcrumbList\",\"@id\":\"https:\/\/dusunca.com\/?page_id=694#breadcrumb\",\"itemListElement\":[{\"@type\":\"ListItem\",\"position\":1,\"name\":\"Home\",\"item\":\"https:\/\/dusunca.com\/\"},{\"@type\":\"ListItem\",\"position\":2,\"name\":\"\u018fsas hey\u0259t\"}]},{\"@type\":\"WebSite\",\"@id\":\"https:\/\/dusunca.com\/#website\",\"url\":\"https:\/\/dusunca.com\/\",\"name\":\"D\u00fc\u015f\u00fcnc\u0259 Academy\",\"description\":\"\",\"publisher\":{\"@id\":\"https:\/\/dusunca.com\/#organization\"},\"potentialAction\":[{\"@type\":\"SearchAction\",\"target\":{\"@type\":\"EntryPoint\",\"urlTemplate\":\"https:\/\/dusunca.com\/?s={search_term_string}\"},\"query-input\":\"required name=search_term_string\"}],\"inLanguage\":\"az\"},{\"@type\":\"Organization\",\"@id\":\"https:\/\/dusunca.com\/#organization\",\"name\":\"D\u00fc\u015f\u00fcnc\u0259 Academy\",\"url\":\"https:\/\/dusunca.com\/\",\"logo\":{\"@type\":\"ImageObject\",\"inLanguage\":\"az\",\"@id\":\"https:\/\/dusunca.com\/#\/schema\/logo\/image\/\",\"url\":\"https:\/\/dusunca.com\/wp-content\/uploads\/2024\/06\/cropped-cropped-logo-png1-2-1.png\",\"contentUrl\":\"https:\/\/dusunca.com\/wp-content\/uploads\/2024\/06\/cropped-cropped-logo-png1-2-1.png\",\"width\":1078,\"height\":432,\"caption\":\"D\u00fc\u015f\u00fcnc\u0259 Academy\"},\"image\":{\"@id\":\"https:\/\/dusunca.com\/#\/schema\/logo\/image\/\"},\"sameAs\":[\"https:\/\/www.facebook.com\/share\/dhL1yPEDA3vnYp2o\/?mibextid=LQQJ4d\",\"https:\/\/www.instagram.com\/dusunce_academy?igsh=MTZpNG96ZWp4b2h1Mw&utm_source=qr\"]}]}<\/script>\n<!-- \/ Yoast SEO plugin. -->","yoast_head_json":{"title":"\u018fsas hey\u0259t - D\u00fc\u015f\u00fcnc\u0259 Academy","robots":{"index":"index","follow":"follow","max-snippet":"max-snippet:-1","max-image-preview":"max-image-preview:large","max-video-preview":"max-video-preview:-1"},"canonical":"https:\/\/dusunca.com\/?page_id=694","og_locale":"az_AZ","og_type":"article","og_title":"\u018fsas hey\u0259t - D\u00fc\u015f\u00fcnc\u0259 Academy","og_description":"Komandam\u0131z. D\u00fc\u015f\u00fcnc\u0259 Group. \u015eirk\u0259timizin ad\u0131 b\u0259lk\u0259 d\u0259 diqq\u0259tinizi \u00e7\u0259kdi.Bu ad sad\u0259c\u0259 bir brend ad\u0131 da\u015f\u0131m\u0131r.Bu ad\u0131n arxas\u0131nda b\u00f6y\u00fck ya\u015fanm\u0131\u015f f\u0259ls\u0259f\u0259 dayan\u0131r.Bu ad h\u0259yat\u0131n m\u0259nas\u0131n\u0131 ifad\u0259 edir.B\u00f6y\u00fck sirri biz\u0259 verir.D\u00fc\u015f\u00fcn\u0259 &#8211;...","og_url":"https:\/\/dusunca.com\/?page_id=694","og_site_name":"D\u00fc\u015f\u00fcnc\u0259 Academy","article_publisher":"https:\/\/www.facebook.com\/share\/dhL1yPEDA3vnYp2o\/?mibextid=LQQJ4d","article_modified_time":"2025-04-28T23:32:54+00:00","twitter_card":"summary_large_image","twitter_misc":{"Est. reading time":"1 minute"},"schema":{"@context":"https:\/\/schema.org","@graph":[{"@type":"WebPage","@id":"https:\/\/dusunca.com\/?page_id=694","url":"https:\/\/dusunca.com\/?page_id=694","name":"\u018fsas hey\u0259t - D\u00fc\u015f\u00fcnc\u0259 Academy","isPartOf":{"@id":"https:\/\/dusunca.com\/#website"},"datePublished":"2021-03-23T16:55:06+00:00","dateModified":"2025-04-28T23:32:54+00:00","breadcrumb":{"@id":"https:\/\/dusunca.com\/?page_id=694#breadcrumb"},"inLanguage":"az","potentialAction":[{"@type":"ReadAction","target":["https:\/\/dusunca.com\/?page_id=694"]}]},{"@type":"BreadcrumbList","@id":"https:\/\/dusunca.com\/?page_id=694#breadcrumb","itemListElement":[{"@type":"ListItem","position":1,"name":"Home","item":"https:\/\/dusunca.com\/"},{"@type":"ListItem","position":2,"name":"\u018fsas hey\u0259t"}]},{"@type":"WebSite","@id":"https:\/\/dusunca.com\/#website","url":"https:\/\/dusunca.com\/","name":"D\u00fc\u015f\u00fcnc\u0259 Academy","description":"","publisher":{"@id":"https:\/\/dusunca.com\/#organization"},"potentialAction":[{"@type":"SearchAction","target":{"@type":"EntryPoint","urlTemplate":"https:\/\/dusunca.com\/?s={search_term_string}"},"query-input":"required name=search_term_string"}],"inLanguage":"az"},{"@type":"Organization","@id":"https:\/\/dusunca.com\/#organization","name":"D\u00fc\u015f\u00fcnc\u0259 Academy","url":"https:\/\/dusunca.com\/","logo":{"@type":"ImageObject","inLanguage":"az","@id":"https:\/\/dusunca.com\/#\/schema\/logo\/image\/","url":"https:\/\/dusunca.com\/wp-content\/uploads\/2024\/06\/cropped-cropped-logo-png1-2-1.png","contentUrl":"https:\/\/dusunca.com\/wp-content\/uploads\/2024\/06\/cropped-cropped-logo-png1-2-1.png","width":1078,"height":432,"caption":"D\u00fc\u015f\u00fcnc\u0259 Academy"},"image":{"@id":"https:\/\/dusunca.com\/#\/schema\/logo\/image\/"},"sameAs":["https:\/\/www.facebook.com\/share\/dhL1yPEDA3vnYp2o\/?mibextid=LQQJ4d","https:\/\/www.instagram.com\/dusunce_academy?igsh=MTZpNG96ZWp4b2h1Mw&utm_source=qr"]}]}},"_links":{"self":[{"href":"https:\/\/dusunca.com\/index.php?rest_route=\/wp\/v2\/pages\/694","targetHints":{"allow":["GET"]}}],"collection":[{"href":"https:\/\/dusunca.com\/index.php?rest_route=\/wp\/v2\/pages"}],"about":[{"href":"https:\/\/dusunca.com\/index.php?rest_route=\/wp\/v2\/types\/page"}],"author":[{"embeddable":true,"href":"https:\/\/dusunca.com\/index.php?rest_route=\/wp\/v2\/users\/2"}],"replies":[{"embeddable":true,"href":"https:\/\/dusunca.com\/index.php?rest_route=%2Fwp%2Fv2%2Fcomments&post=694"}],"version-history":[{"count":33,"href":"https:\/\/dusunca.com\/index.php?rest_route=\/wp\/v2\/pages\/694\/revisions"}],"predecessor-version":[{"id":2620,"href":"https:\/\/dusunca.com\/index.php?rest_route=\/wp\/v2\/pages\/694\/revisions\/2620"}],"wp:attachment":[{"href":"https:\/\/dusunca.com\/index.php?rest_route=%2Fwp%2Fv2%2Fmedia&parent=694"}],"curies":[{"name":"wp","href":"https:\/\/api.w.org\/{rel}","templated":true}]}}